hundreds digit of g?
2
Let g(o) = 35*o**2 - 8*o + 43. Let k be g(5). Suppose 3*u = 5*t - 990 - k, -1 = u. What is the hundreds digit of t?
3
Suppose 6*t - 7*t = 20. Let g = t + 8. Let z(h) = -h**3 - 11*h**2 + 10*h - 3. What is the tens digit of z(g)?
2
Let d(v) = -13 - 9*v - 3*v - 8*v. Let g = 18 - 27. What is the tens digit of d(g)?
6
Let d(f) = -54 - 10*f + 10*f + 28*f. What is the units digit of d(9)?
8
Let d(j) = j**3 - 7*j**2 + 7*j + 2. Let z be d(6). Let t(f) = f**3 - 7*f**2 + 36*f - 95. Let q be t(5). Let v = q - z. What is the tens digit of v?
2
Let a(i) = -1048*i - 217. What is the thousands digit of a(-8)?
8
Suppose 19*o - 54*o + 32904 = -17*o. What is the units digit of o?
8
Suppose -2*s = -5*s + 27. Suppose s - 184 = -7*p. What is the tens digit of p?
2
Suppose -2*f = f - 3*u - 2337, 4*f = 5*u + 3118. Suppose 0 = -h + 1, -3*h + 374 = b - f. What is the thousands digit of b?
1
Let k(s) = -66*s + 122. Let u(l) = -2*l**3 - 22*l**2 - 19*l + 3. Let h be u(-10). What is the units digit of k(h)?
4
Suppose 46091 = 4*j - 26786 + 26257. What is the tens digit of j?
5
Let i = 27698 + -20796. What is the units digit of i?
2
Let x = 1012 - -2290. What is the thousands digit of x?
3
Let z = -93401 + 140844. What is the thousands digit of z?
7
Let p be -10*(-5)/(-8)*4. Let f = 1299 - 1297. What is the units digit of ((-560)/p)/(-1*f/(-10))?
2
Let p(i) = -i**3 - 86*i**2 + 82*i - 1179. What is the units digit of p(-92)?
1
Let w(k) = k**3 + 4*k**2 - 8*k - 11. Let j be w(-5). What is the units digit of j + 1 + 547 + 7 + 1?
0
Let y(v) = -24*v**2 + v + 4. Let k be y(-2). What is the units digit of (12 + -11)/(k/96 + 1)?
8
What is the units digit of 1/12*-2 + (-276241)/(-1302)?
2
What is the hundreds digit of 7 - (-230)/(-40) - (-31902)/8?
9
Let p(t) = -3*t**3 + 3*t**2 - 7*t + 11. Let q be p(7). What is the tens digit of 2/10 - (q/25 + -6)?
4
Let k(j) = 4*j + j**2 + 3*j - 6 - 1139*j**3 + 1076*j**3. What is the hundreds digit of k(-3)?
6
Suppose 6*l - 31*l + 212875 = 0. Suppose -12*o + l = o. What is the units digit of o?
5
Suppose -8*h = u - 4*h + 5, -4*h - 17 = -3*u. What is the hundreds digit of u - (383/(-2) + (-22)/(-44))?
1
Let r(q) be the second derivative of 13/2*q**2 + 1/20*q**5 + 0 - 1/2*q**3 + 3/4*q**4 + 5*q. What is the units digit of r(-9)?
0
Let k = -178 + 186. Suppose k*i - 510 = -2*i. What is the units digit of i?
1
Suppose -4 = -2*f, -7*f + 6*f = -3*q - 50. Let c(o) = -18*o - 10. Let z be c(q). Let l = z - 158. What is the units digit of l?
0
Let w = -23 + 29. Suppose -w*b = b - 21. Suppose 2*t - 5*n = 91, 0 = 2*t - b*n - 72 - 17. What is the units digit of t?
3
Let l be 16/144 + (-175)/(-45). Suppose -69 = -l*f - p, 4*f - 5 = -3*p + 66. What is the tens digit of f?
1
Suppose -y + 2 = -2*j, -4*y = -5*y - 2*j - 2. What is the hundreds digit of 167 - y - (-132)/(-33)?
1
Let s be 22/165 - 5674/(-60)*-2. Let v = -187 - s. What is the units digit of v?
2
Let u(z) = -10*z - z + 2 + 101*z**2 + 9*z. Let o be u(2). Suppose -x = 2*x + 4*k - o, 0 = x - 4*k - 134. What is the hundreds digit of x?
1
Suppose 2*o + 4329 = -d + 1056, 1647 = -o + 3*d. Let r = -531 - o. What is the thousands digit of r?
1
Suppose 6*c - 66 = 3*c. Suppose -4*q = 74 + 66. What is the tens digit of c*5*(-28)/q?
8
Let y = 35 + -29. Suppose 11*t - 3*v - 562 = y*t, 3*v = -5*t + 538. What is the units digit of t?
0
Let z(c) = -c**2 + 53*c - 86. Let j = -220 + 250. What is the hundreds digit of z(j)?
6
Suppose 81346 + 60097 - 5291 = 18*d. What is the units digit of d?
4
Suppose -3396*d + 1360 = -3380*d. Suppose -330 + 120 = -5*n. Let p = d - n. What is the units digit of p?
3
Suppose -8*t + 16*t + 2856 = 0. Let y = t + 371. What is the units digit of y?
4
Suppose 0 = -f - 2*h - 3 + 6, 33 = 2*f - 5*h. Suppose -12541 = -f*n - 1894. What is the thousands digit of n?
1
Let q = 267 - 244. Suppose 25*x - 94 = q*x. What is the tens digit of x?
4
Let c(l) = -195*l + 7148. What is the hundreds digit of c(-69)?
6
Suppose 0 = -299*x + 2352146 + 1775549. What is the ten thousands digit of x?
1
Let b = -17 - -14. Let n(d) = -d**3 - 3*d**2 + 4. Let r be n(b). Suppose 4*y = 3 - 15, r*x - y - 275 = 0. What is the tens digit of x?
6
Let g = 289 + -304. What is the tens digit of 6*(-1)/g*(-59190)/(-12)?
7
Let f(p) = -64*p + 412. Let q be f(37). Let z = 3487 + q. What is the hundreds digit of z?
5
Suppose -4*c + 147 = -5*i, -63 = -c - c - i. Let g = 70 + -83. Let s = c + g. What is the tens digit of s?
2
What is the thousands digit of (-4460)/(-6)*(18 - 9)?
6
Let s(o) = o**3 + 53*o**2 + 79*o - 265. What is the hundreds digit of s(-39)?
9
Let a = -143 + 152. What is the units digit of 11082/a + 12/(-36)?
1
Suppose -22*s + 25*s - 36 = 0. Let d be s/9*12/8. Suppose -5*b = -2*z + 200, 2*b - 558 = -3*z - d*z. What is the tens digit of z?
1
Let k = 715 + -718. What is the hundreds digit of -251*(-4)/(-12)*k?
2
Let o(t) = -2308*t + 770. What is the thousands digit of o(-8)?
9
What is the ten thousands digit of 1779720/72 + (-7)/21?
2
Suppose -4*z + 190 - 46 = -4*y, -3*y - 112 = -2*z. Let x = y - -126. Suppose -x - 286 = -4*o. What is the units digit of o?
3
Suppose k - 67 = 75. Let h = 267 - k. What is the tens digit of h?
2
Let h(c) = -16*c + 10. Suppose 0*q - 98 = -2*j - 5*q, 2*j - 98 = -4*q. Let v = j + -54. What is the units digit of h(v)?
0
Suppose s + 2*c = 4*c + 1235, -1238 = -s + c. Suppose 0 = 8*y - 415 - s. Suppose 0*i - 164 = -4*t - 2*i, -5*t - 3*i = -y. What is the units digit of t?
9
Let y(g) = 37*g**2 + 6*g - 16. Suppose 5*n + 5*q - 30 = 0, q + 4 + 5 = 4*n. What is the hundreds digit of y(n)?
3
Let o = 67 - 64. Suppose 4*b + 2*c = 2*b, o*b - 4*c = 0. Suppose b = -4*k + 121 + 43. What is the units digit of k?
1
Suppose 2 = 8*h - 78. Suppose 4*x = h*x. Suppose x = -v + 6*v - 5*k - 430, -5*k + 344 = 4*v. What is the tens digit of v?
8
Let j = -2744 + 14355. What is the units digit of j?
1
Let q(l) be the second derivative of 3/4*l**4 + 0 - 1/20*l**5 + 1/3*l**3 - 16*l - l**2. What is the units digit of q(9)?
6
Suppose 15*s - 36 + 6 = 0. Let x(h) = 50*h**3 + 2*h + 2. What is the tens digit of x(s)?
0
Let b = 362 + -362. Suppose b = -3*y - l + 162, -3*y + 4*l + 150 = l. What is the tens digit of y?
5
What is the hundreds digit of (6 + -140)/(580/(-115) + 5)?
0
Suppose -7*y + 0*y = 693. Let s be 2*(-8)/(16/y). Suppose -2*z + 5*i + 154 + 44 = 0, z - s = -2*i. What is the units digit of z?
9
Let m(q) = 19*q**2 - 3*q - 48. Let x(y) = -2*y**2 - y - 1. Let u(o) = m(o) + 6*x(o). What is the units digit of u(-9)?
4
Suppose 78*x + 51622 = 82*x + m, m = -2. What is the hundreds digit of x?
9
Let q(u) = 3*u**2 - 4*u - 3. Suppose 8*l = -7 + 39. Let y be q(l). Suppose y*g = 30*g - 76. What is the tens digit of g?
7
Let d = -61 + 63. What is the hundreds digit of (-3)/(-6)*d + 169?
1
Let x(v) = 10*v + 132. What is the tens digit of x(5)?
8
What is the units digit of 30091 + (22/(-55))/((-2)/40)?
9
Let m be (27/(-12))/(9/48). What is the hundreds digit of ((-58)/6)/(m/216)?
1
Let w = 2308 + -2306. Let a = 28 - 13. What is the units digit of 8/w - a/(-5)?
7
Let p(w) = w**3 + 3*w - 1. Let o be p(2). Let d(c) be the first derivative of -c**4/4 + 13*c**3/3 + 5*c**2/2 + 32*c + 6773. What is the tens digit of d(o)?
9
Suppose 0 = 719*f - 716*f - 4*d - 161416, 4*d + 107600 = 2*f. What is the ten thousands digit of f?
5
Let q be (-7)/(21/(-72)) - -3. What is the units digit of 1597/4 + -2 - q/(-36)?
8
Let d = 8068 - 3819. Suppose 8*x - d = x. What is the tens digit of x?
0
Let f = 220 + 350. Suppose 0 = -5*j - s + 1231, 673 = 5*j - 2*s - f. Suppose 3*p - 58 = -2*n + j, 0 = 5*n + 4*p - 780. What is the tens digit of n?
6
Suppose 24 = 2*a - 6*a - 5*d, 2*a + 12 = 4*d. Let w be (-2 - 0)/(a/27). Suppose -3*l + w*l = 252. What is the tens digit of l?
4
Suppose 218040 - 779559 = -27*d. What is the tens digit of d?
9
Let s = -510 + 163. Let a = s - -668. What is the hundreds digit of a?
3
Let l = -21 + 25. Let g(u) = -6 + 3*u - l*u + 13 + 0*u. What is the units digit of g(-8)?
5
Suppose 165528 = 39*n - 97137. What is the hundreds digit of n?
7
Suppose 4*k + 5*h = 0, 3*h + 2*h = k - 25. Let p(s) = -5*s + 30. Let q be p(k). Suppose 0 = -4*n + q*x + 49, 3*x - 8*x = -15. What is the tens digit of n?
1
Let o(m) = m**3 - 3*m + 2. 